{"id":385,"date":"2018-01-08T23:02:48","date_gmt":"2018-01-08T23:02:48","guid":{"rendered":"http:\/\/www.ecuriesderiboulam.com\/?page_id=385"},"modified":"2023-10-26T18:03:53","modified_gmt":"2023-10-26T16:03:53","slug":"stages-professionnels","status":"publish","type":"page","link":"https:\/\/www.ecuriesderiboulam.com\/index.php\/stages\/stages-professionnels\/","title":{"rendered":"Stages professionnels"},"content":{"rendered":"<p>[et_pb_section fb_built=\u00a0\u00bb1&Prime; admin_label=\u00a0\u00bbsection\u00a0\u00bb _builder_version=\u00a0\u00bb4.15&Prime; background_color=\u00a0\u00bb#84866e\u00a0\u00bb global_colors_info=\u00a0\u00bb{}\u00a0\u00bb][et_pb_row admin_label=\u00a0\u00bbrow\u00a0\u00bb _builder_version=\u00a0\u00bb4.15&Prime; background_size=\u00a0\u00bbinitial\u00a0\u00bb background_position=\u00a0\u00bbtop_left\u00a0\u00bb background_repeat=\u00a0\u00bbrepeat\u00a0\u00bb global_colors_info=\u00a0\u00bb{}\u00a0\u00bb][et_pb_column type=\u00a0\u00bb4_4&Prime; _builder_version=\u00a0\u00bb4.15&Prime; custom_padding=\u00a0\u00bb|||\u00a0\u00bb global_colors_info=\u00a0\u00bb{}\u00a0\u00bb custom_padding__hover=\u00a0\u00bb|||\u00a0\u00bb][et_pb_text admin_label=\u00a0\u00bbText\u00a0\u00bb _builder_version=\u00a0\u00bb4.15&Prime; background_size=\u00a0\u00bbinitial\u00a0\u00bb background_position=\u00a0\u00bbtop_left\u00a0\u00bb background_repeat=\u00a0\u00bbrepeat\u00a0\u00bb global_colors_info=\u00a0\u00bb{}\u00a0\u00bb]<\/p>\n<h1>Stages avec des professionnels<\/h1>\n<p>Les Ecuries de Riboulam font r\u00e9guli\u00e8rement appel \u00e0 la comp\u00e9tence de diff\u00e9rents cavaliers professionnels afin de favoriser les \u00e9changes dans nos disciplines de pr\u00e9dilection, \u00e0 savoir le CCE et le CSO. Parmi les intervenants r\u00e9guliers figurent des noms connus tels que Romain Richomme, Gilles Viricel, C\u00e9dric Yard, Emmanuel Quittet ou encore Thomas Fourn\u00e8s.<\/p>\n<p>Ces interventions se d\u00e9roulent typiquement sous forme de stage d&rsquo;une dur\u00e9e de deux jours ou plus. Ces stages sont ouverts \u00e0 un public amateur\/pro ou aux jeunes comp\u00e9titeurs poney. Les renseignements sont mis en ligne sur le site Internet pour les cavaliers ext\u00e9rieurs ou affich\u00e9s au bureau.<\/p>\n<p>[\/et_pb_text][\/et_pb_column][\/et_pb_row][et_pb_row _builder_version=\u00a0\u00bb4.15&Prime; global_colors_info=\u00a0\u00bb{}\u00a0\u00bb][et_pb_column type=\u00a0\u00bb4_4&Prime; _builder_version=\u00a0\u00bb4.15&Prime; custom_padding=\u00a0\u00bb|||\u00a0\u00bb global_colors_info=\u00a0\u00bb{}\u00a0\u00bb custom_padding__hover=\u00a0\u00bb|||\u00a0\u00bb][et_pb_gallery gallery_ids=\u00a0\u00bb2323&Prime; gallery_captions=\u00a0\u00bb,,,,,,,\u00a0\u00bb posts_number=\u00a0\u00bb1&Prime; orientation=\u00a0\u00bbportrait\u00a0\u00bb show_title_and_caption=\u00a0\u00bboff\u00a0\u00bb _builder_version=\u00a0\u00bb4.15.1&Prime; hover_enabled=\u00a0\u00bb0&Prime; global_colors_info=\u00a0\u00bb{}\u00a0\u00bb sticky_enabled=\u00a0\u00bb0&Prime;][\/et_pb_gallery][\/et_pb_column][\/et_pb_row][\/et_pb_section]<\/p>\n","protected":false},"excerpt":{"rendered":"<p>Stages avec des professionnels Les Ecuries de Riboulam font r\u00e9guli\u00e8rement appel \u00e0 la comp\u00e9tence de diff\u00e9rents cavaliers professionnels afin de favoriser les \u00e9changes dans nos disciplines de pr\u00e9dilection, \u00e0 savoir le CCE et le CSO. Parmi les intervenants r\u00e9guliers figurent des noms connus tels que Romain Richomme, Gilles Viricel, C\u00e9dric Yard, Emmanuel Quittet ou encore [&hellip;]<\/p>\n","protected":false},"author":1,"featured_media":0,"parent":379,"menu_order":0,"comment_status":"closed","ping_status":"closed","template":"","meta":{"_et_pb_use_builder":"on","_et_pb_old_content":"","_et_gb_content_width":"","_exactmetrics_skip_tracking":false,"_exactmetrics_sitenote_active":false,"_exactmetrics_sitenote_note":"","_exactmetrics_sitenote_category":0,"footnotes":""},"class_list":["post-385","page","type-page","status-publish","hentry"],"yoast_head":"<!-- This site is optimized with the Yoast SEO plugin v24.3 - https:\/\/yoast.com\/wordpress\/plugins\/seo\/ -->\n<title>Stages professionnels - Ecuries de Riboulam<\/title>\n<meta name=\"robots\" content=\"index, follow, max-snippet:-1, max-image-preview:large, max-video-preview:-1\" \/>\n<link rel=\"canonical\" href=\"https:\/\/www.ecuriesderiboulam.com\/index.php\/stages\/stages-professionnels\/\" \/>\n<meta property=\"og:locale\" content=\"fr_FR\" \/>\n<meta property=\"og:type\" content=\"article\" \/>\n<meta property=\"og:title\" content=\"Stages professionnels - Ecuries de Riboulam\" \/>\n<meta property=\"og:description\" content=\"Stages avec des professionnels Les Ecuries de Riboulam font r\u00e9guli\u00e8rement appel \u00e0 la comp\u00e9tence de diff\u00e9rents cavaliers professionnels afin de favoriser les \u00e9changes dans nos disciplines de pr\u00e9dilection, \u00e0 savoir le CCE et le CSO. Parmi les intervenants r\u00e9guliers figurent des noms connus tels que Romain Richomme, Gilles Viricel, C\u00e9dric Yard, Emmanuel Quittet ou encore [&hellip;]\" \/>\n<meta property=\"og:url\" content=\"https:\/\/www.ecuriesderiboulam.com\/index.php\/stages\/stages-professionnels\/\" \/>\n<meta property=\"og:site_name\" content=\"Ecuries de Riboulam\" \/>\n<meta property=\"article:publisher\" content=\"https:\/\/www.facebook.com\/EcuriesdeRiboulamChevauxetEvenements1976\/\" \/>\n<meta property=\"article:modified_time\" content=\"2023-10-26T16:03:53+00:00\" \/>\n<meta name=\"twitter:card\" content=\"summary_large_image\" \/>\n<meta name=\"twitter:label1\" content=\"Dur\u00e9e de lecture estim\u00e9e\" \/>\n\t<meta name=\"twitter:data1\" content=\"1 minute\" \/>\n<script type=\"application\/ld+json\" class=\"yoast-schema-graph\">{\"@context\":\"https:\/\/schema.org\",\"@graph\":[{\"@type\":\"WebPage\",\"@id\":\"https:\/\/www.ecuriesderiboulam.com\/index.php\/stages\/stages-professionnels\/\",\"url\":\"https:\/\/www.ecuriesderiboulam.com\/index.php\/stages\/stages-professionnels\/\",\"name\":\"Stages professionnels - Ecuries de Riboulam\",\"isPartOf\":{\"@id\":\"https:\/\/www.ecuriesderiboulam.com\/#website\"},\"datePublished\":\"2018-01-08T23:02:48+00:00\",\"dateModified\":\"2023-10-26T16:03:53+00:00\",\"breadcrumb\":{\"@id\":\"https:\/\/www.ecuriesderiboulam.com\/index.php\/stages\/stages-professionnels\/#breadcrumb\"},\"inLanguage\":\"fr-FR\",\"potentialAction\":[{\"@type\":\"ReadAction\",\"target\":[\"https:\/\/www.ecuriesderiboulam.com\/index.php\/stages\/stages-professionnels\/\"]}]},{\"@type\":\"BreadcrumbList\",\"@id\":\"https:\/\/www.ecuriesderiboulam.com\/index.php\/stages\/stages-professionnels\/#breadcrumb\",\"itemListElement\":[{\"@type\":\"ListItem\",\"position\":1,\"name\":\"Home\",\"item\":\"https:\/\/www.ecuriesderiboulam.com\/\"},{\"@type\":\"ListItem\",\"position\":2,\"name\":\"Stages\",\"item\":\"https:\/\/www.ecuriesderiboulam.com\/index.php\/stages\/\"},{\"@type\":\"ListItem\",\"position\":3,\"name\":\"Stages professionnels\"}]},{\"@type\":\"WebSite\",\"@id\":\"https:\/\/www.ecuriesderiboulam.com\/#website\",\"url\":\"https:\/\/www.ecuriesderiboulam.com\/\",\"name\":\"Ecuries de Riboulam\",\"description\":\"Le bonheur \u00e9questre en Provence\",\"publisher\":{\"@id\":\"https:\/\/www.ecuriesderiboulam.com\/#organization\"},\"potentialAction\":[{\"@type\":\"SearchAction\",\"target\":{\"@type\":\"EntryPoint\",\"urlTemplate\":\"https:\/\/www.ecuriesderiboulam.com\/?s={search_term_string}\"},\"query-input\":{\"@type\":\"PropertyValueSpecification\",\"valueRequired\":true,\"valueName\":\"search_term_string\"}}],\"inLanguage\":\"fr-FR\"},{\"@type\":\"Organization\",\"@id\":\"https:\/\/www.ecuriesderiboulam.com\/#organization\",\"name\":\"Ecuries de Riboulam\",\"url\":\"https:\/\/www.ecuriesderiboulam.com\/\",\"logo\":{\"@type\":\"ImageObject\",\"inLanguage\":\"fr-FR\",\"@id\":\"https:\/\/www.ecuriesderiboulam.com\/#\/schema\/logo\/image\/\",\"url\":\"https:\/\/www.ecuriesderiboulam.com\/wp-content\/uploads\/2018\/01\/Logo_noir.png\",\"contentUrl\":\"https:\/\/www.ecuriesderiboulam.com\/wp-content\/uploads\/2018\/01\/Logo_noir.png\",\"width\":852,\"height\":852,\"caption\":\"Ecuries de Riboulam\"},\"image\":{\"@id\":\"https:\/\/www.ecuriesderiboulam.com\/#\/schema\/logo\/image\/\"},\"sameAs\":[\"https:\/\/www.facebook.com\/EcuriesdeRiboulamChevauxetEvenements1976\/\"]}]}<\/script>\n<!-- \/ Yoast SEO plugin. -->","yoast_head_json":{"title":"Stages professionnels - Ecuries de Riboulam","robots":{"index":"index","follow":"follow","max-snippet":"max-snippet:-1","max-image-preview":"max-image-preview:large","max-video-preview":"max-video-preview:-1"},"canonical":"https:\/\/www.ecuriesderiboulam.com\/index.php\/stages\/stages-professionnels\/","og_locale":"fr_FR","og_type":"article","og_title":"Stages professionnels - Ecuries de Riboulam","og_description":"Stages avec des professionnels Les Ecuries de Riboulam font r\u00e9guli\u00e8rement appel \u00e0 la comp\u00e9tence de diff\u00e9rents cavaliers professionnels afin de favoriser les \u00e9changes dans nos disciplines de pr\u00e9dilection, \u00e0 savoir le CCE et le CSO. Parmi les intervenants r\u00e9guliers figurent des noms connus tels que Romain Richomme, Gilles Viricel, C\u00e9dric Yard, Emmanuel Quittet ou encore [&hellip;]","og_url":"https:\/\/www.ecuriesderiboulam.com\/index.php\/stages\/stages-professionnels\/","og_site_name":"Ecuries de Riboulam","article_publisher":"https:\/\/www.facebook.com\/EcuriesdeRiboulamChevauxetEvenements1976\/","article_modified_time":"2023-10-26T16:03:53+00:00","twitter_card":"summary_large_image","twitter_misc":{"Dur\u00e9e de lecture estim\u00e9e":"1 minute"},"schema":{"@context":"https:\/\/schema.org","@graph":[{"@type":"WebPage","@id":"https:\/\/www.ecuriesderiboulam.com\/index.php\/stages\/stages-professionnels\/","url":"https:\/\/www.ecuriesderiboulam.com\/index.php\/stages\/stages-professionnels\/","name":"Stages professionnels - Ecuries de Riboulam","isPartOf":{"@id":"https:\/\/www.ecuriesderiboulam.com\/#website"},"datePublished":"2018-01-08T23:02:48+00:00","dateModified":"2023-10-26T16:03:53+00:00","breadcrumb":{"@id":"https:\/\/www.ecuriesderiboulam.com\/index.php\/stages\/stages-professionnels\/#breadcrumb"},"inLanguage":"fr-FR","potentialAction":[{"@type":"ReadAction","target":["https:\/\/www.ecuriesderiboulam.com\/index.php\/stages\/stages-professionnels\/"]}]},{"@type":"BreadcrumbList","@id":"https:\/\/www.ecuriesderiboulam.com\/index.php\/stages\/stages-professionnels\/#breadcrumb","itemListElement":[{"@type":"ListItem","position":1,"name":"Home","item":"https:\/\/www.ecuriesderiboulam.com\/"},{"@type":"ListItem","position":2,"name":"Stages","item":"https:\/\/www.ecuriesderiboulam.com\/index.php\/stages\/"},{"@type":"ListItem","position":3,"name":"Stages professionnels"}]},{"@type":"WebSite","@id":"https:\/\/www.ecuriesderiboulam.com\/#website","url":"https:\/\/www.ecuriesderiboulam.com\/","name":"Ecuries de Riboulam","description":"Le bonheur \u00e9questre en Provence","publisher":{"@id":"https:\/\/www.ecuriesderiboulam.com\/#organization"},"potentialAction":[{"@type":"SearchAction","target":{"@type":"EntryPoint","urlTemplate":"https:\/\/www.ecuriesderiboulam.com\/?s={search_term_string}"},"query-input":{"@type":"PropertyValueSpecification","valueRequired":true,"valueName":"search_term_string"}}],"inLanguage":"fr-FR"},{"@type":"Organization","@id":"https:\/\/www.ecuriesderiboulam.com\/#organization","name":"Ecuries de Riboulam","url":"https:\/\/www.ecuriesderiboulam.com\/","logo":{"@type":"ImageObject","inLanguage":"fr-FR","@id":"https:\/\/www.ecuriesderiboulam.com\/#\/schema\/logo\/image\/","url":"https:\/\/www.ecuriesderiboulam.com\/wp-content\/uploads\/2018\/01\/Logo_noir.png","contentUrl":"https:\/\/www.ecuriesderiboulam.com\/wp-content\/uploads\/2018\/01\/Logo_noir.png","width":852,"height":852,"caption":"Ecuries de Riboulam"},"image":{"@id":"https:\/\/www.ecuriesderiboulam.com\/#\/schema\/logo\/image\/"},"sameAs":["https:\/\/www.facebook.com\/EcuriesdeRiboulamChevauxetEvenements1976\/"]}]}},"_links":{"self":[{"href":"https:\/\/www.ecuriesderiboulam.com\/index.php\/wp-json\/wp\/v2\/pages\/385","targetHints":{"allow":["GET"]}}],"collection":[{"href":"https:\/\/www.ecuriesderiboulam.com\/index.php\/wp-json\/wp\/v2\/pages"}],"about":[{"href":"https:\/\/www.ecuriesderiboulam.com\/index.php\/wp-json\/wp\/v2\/types\/page"}],"author":[{"embeddable":true,"href":"https:\/\/www.ecuriesderiboulam.com\/index.php\/wp-json\/wp\/v2\/users\/1"}],"replies":[{"embeddable":true,"href":"https:\/\/www.ecuriesderiboulam.com\/index.php\/wp-json\/wp\/v2\/comments?post=385"}],"version-history":[{"count":7,"href":"https:\/\/www.ecuriesderiboulam.com\/index.php\/wp-json\/wp\/v2\/pages\/385\/revisions"}],"predecessor-version":[{"id":2889,"href":"https:\/\/www.ecuriesderiboulam.com\/index.php\/wp-json\/wp\/v2\/pages\/385\/revisions\/2889"}],"up":[{"embeddable":true,"href":"https:\/\/www.ecuriesderiboulam.com\/index.php\/wp-json\/wp\/v2\/pages\/379"}],"wp:attachment":[{"href":"https:\/\/www.ecuriesderiboulam.com\/index.php\/wp-json\/wp\/v2\/media?parent=385"}],"curies":[{"name":"wp","href":"https:\/\/api.w.org\/{rel}","templated":true}]}}

<p>[et_pb_section fb_built= »1&Prime; admin_label= »section » _builder_version= »4.15&Prime; background_color= »#84866e » global_colors_info= »{} »][et_pb_row admin_label= »row » _builder_version= »4.15&Prime; background_size= »initial » background_position= »top_left » background_repeat= »repeat » global_colors_info= »{} »][et_pb_column type= »4_4&Prime; _builder_version= »4.15&Prime; custom_padding= »||| » global_colors_info= »{} » custom_padding__hover= »||| »][et_pb_text admin_label= »Text » _builder_version= »4.15&Prime; background_size= »initial » background_position= »top_left » background_repeat= »repeat » global_colors_info= »{} »]</p>
<h1>Stages avec des professionnels</h1>
<p>Les Ecuries de Riboulam font régulièrement appel à la compétence de différents cavaliers professionnels afin de favoriser les échanges dans nos disciplines de prédilection, à savoir le CCE et le CSO. Parmi les intervenants réguliers figurent des noms connus tels que Romain Richomme, Gilles Viricel, Cédric Yard, Emmanuel Quittet ou encore Thomas Fournès.</p>
<p>Ces interventions se déroulent typiquement sous forme de stage d&rsquo;une durée de deux jours ou plus. Ces stages sont ouverts à un public amateur/pro ou aux jeunes compétiteurs poney. Les renseignements sont mis en ligne sur le site Internet pour les cavaliers extérieurs ou affichés au bureau.</p>
<p>[/et_pb_text][/et_pb_column][/et_pb_row][et_pb_row _builder_version= »4.15&Prime; global_colors_info= »{} »][et_pb_column type= »4_4&Prime; _builder_version= »4.15&Prime; custom_padding= »||| » global_colors_info= »{} » custom_padding__hover= »||| »][et_pb_gallery gallery_ids= »2323&Prime; gallery_captions= »,,,,,,, » posts_number= »1&Prime; orientation= »portrait » show_title_and_caption= »off » _builder_version= »4.15.1&Prime; hover_enabled= »0&Prime; global_colors_info= »{} » sticky_enabled= »0&Prime;][/et_pb_gallery][/et_pb_column][/et_pb_row][/et_pb_section]</p>

<p>Stages avec des professionnels Les Ecuries de Riboulam font régulièrement appel à la compétence de différents cavaliers professionnels afin de favoriser les échanges dans nos disciplines de prédilection, à savoir le CCE et le CSO. Parmi les intervenants réguliers figurent des noms connus tels que Romain Richomme, Gilles Viricel, Cédric Yard, Emmanuel Quittet ou encore [&hellip;]</p>

<!-- This site is optimized with the Yoast SEO plugin v24.3 - https://yoast.com/wordpress/plugins/seo/ -->
<title>Stages professionnels - Ecuries de Riboulam</title>
<meta name="robots" content="index, follow, max-snippet:-1, max-image-preview:large, max-video-preview:-1" />
<link rel="canonical" href="https://www.ecuriesderiboulam.com/index.php/stages/stages-professionnels/" />
<meta property="og:locale" content="fr_FR" />
<meta property="og:type" content="article" />
<meta property="og:title" content="Stages professionnels - Ecuries de Riboulam" />
<meta property="og:description" content="Stages avec des professionnels Les Ecuries de Riboulam font régulièrement appel à la compétence de différents cavaliers professionnels afin de favoriser les échanges dans nos disciplines de prédilection, à savoir le CCE et le CSO. Parmi les intervenants réguliers figurent des noms connus tels que Romain Richomme, Gilles Viricel, Cédric Yard, Emmanuel Quittet ou encore [&hellip;]" />
<meta property="og:url" content="https://www.ecuriesderiboulam.com/index.php/stages/stages-professionnels/" />
<meta property="og:site_name" content="Ecuries de Riboulam" />
<meta property="article:publisher" content="https://www.facebook.com/EcuriesdeRiboulamChevauxetEvenements1976/" />
<meta property="article:modified_time" content="2023-10-26T16:03:53+00:00" />
<meta name="twitter:card" content="summary_large_image" />
<meta name="twitter:label1" content="Durée de lecture estimée" />
	<meta name="twitter:data1" content="1 minute" />
<script type="application/ld+json" class="yoast-schema-graph">{"@context":"https://schema.org","@graph":[{"@type":"WebPage","@id":"https://www.ecuriesderiboulam.com/index.php/stages/stages-professionnels/","url":"https://www.ecuriesderiboulam.com/index.php/stages/stages-professionnels/","name":"Stages professionnels - Ecuries de Riboulam","isPartOf":{"@id":"https://www.ecuriesderiboulam.com/#website"},"datePublished":"2018-01-08T23:02:48+00:00","dateModified":"2023-10-26T16:03:53+00:00","breadcrumb":{"@id":"https://www.ecuriesderiboulam.com/index.php/stages/stages-professionnels/#breadcrumb"},"inLanguage":"fr-FR","potentialAction":[{"@type":"ReadAction","target":["https://www.ecuriesderiboulam.com/index.php/stages/stages-professionnels/"]}]},{"@type":"BreadcrumbList","@id":"https://www.ecuriesderiboulam.com/index.php/stages/stages-professionnels/#breadcrumb","itemListElement":[{"@type":"ListItem","position":1,"name":"Home","item":"https://www.ecuriesderiboulam.com/"},{"@type":"ListItem","position":2,"name":"Stages","item":"https://www.ecuriesderiboulam.com/index.php/stages/"},{"@type":"ListItem","position":3,"name":"Stages professionnels"}]},{"@type":"WebSite","@id":"https://www.ecuriesderiboulam.com/#website","url":"https://www.ecuriesderiboulam.com/","name":"Ecuries de Riboulam","description":"Le bonheur équestre en Provence","publisher":{"@id":"https://www.ecuriesderiboulam.com/#organization"},"potentialAction":[{"@type":"SearchAction","target":{"@type":"EntryPoint","urlTemplate":"https://www.ecuriesderiboulam.com/?s={search_term_string}"},"query-input":{"@type":"PropertyValueSpecification","valueRequired":true,"valueName":"search_term_string"}}],"inLanguage":"fr-FR"},{"@type":"Organization","@id":"https://www.ecuriesderiboulam.com/#organization","name":"Ecuries de Riboulam","url":"https://www.ecuriesderiboulam.com/","logo":{"@type":"ImageObject","inLanguage":"fr-FR","@id":"https://www.ecuriesderiboulam.com/#/schema/logo/image/","url":"https://www.ecuriesderiboulam.com/wp-content/uploads/2018/01/Logo_noir.png","contentUrl":"https://www.ecuriesderiboulam.com/wp-content/uploads/2018/01/Logo_noir.png","width":852,"height":852,"caption":"Ecuries de Riboulam"},"image":{"@id":"https://www.ecuriesderiboulam.com/#/schema/logo/image/"},"sameAs":["https://www.facebook.com/EcuriesdeRiboulamChevauxetEvenements1976/"]}]}</script>
<!-- / Yoast SEO plugin. -->

Stages avec des professionnels Les Ecuries de Riboulam font régulièrement appel à la compétence de différents cavaliers professionnels afin de favoriser les échanges dans nos disciplines de prédilection, à savoir le CCE et le CSO. Parmi les intervenants réguliers figurent des noms connus tels que Romain Richomme, Gilles Viricel, Cédric Yard, Emmanuel Quittet ou encore [&hellip;]

Le bonheur équestre en Provence
